. Calculate the highest common factor of z and 24.
6
Suppose -6 = 5*q - 16. Calculate the greatest common divisor of 46 and q.
2
Suppose 2 = -3*q + 32. What is the highest common factor of 80 and q?
10
Let v = -112 - -132. Calculate the greatest common divisor of 5 and v.
5
Suppose -18 = -f - 2. Let q be (0 - -2 - -1) + 0. Suppose 0*s + q*s = 24. What is the highest common factor of s and f?
8
Let h = 193 - 130. Suppose 9 = 2*w + 4*t - 17, -t + 5 = 0. Suppose w*f - 2*r = 29, -5*r = 3*f - 0*r - 1. What is the greatest common factor of f and h?
7
Let u(v) = -172*v - 1. Let n be u(-1). What is the greatest common divisor of 9 and n?
9
Suppose -3*k = -29 + 8. Let a(t) = t - 7. Let h be a(8). Calculate the greatest common divisor of h and k.
1
Suppose 2*i - 110 = -4*m, 3*m + 2*i - i - 81 = 0. Let w = m + -44. Let r = -10 - w. What is the highest common divisor of 2 and r?
2
Let n(a) = -6*a - 2. Let v be n(-2). Suppose -1 = -4*u + 3*r, -2*u - 3*r - 2*r = -7. Suppose k = 1 + u. What is the highest common divisor of k and v?
2
Suppose q + 3*z = z + 33, 0 = -3*q + 4*z + 89. Let x = 47 - q. Calculate the greatest common factor of 112 and x.
16
Let c(r) = r + 3. Let x = -2 + 5. Let q be c(x). What is the highest common factor of 6 and q?
6
Let p(g) = g**2 + 2*g + 3. Let o be p(-5). Let m = o - -2. Calculate the greatest common divisor of 4 and m.
4
Let z = -116 - -118. What is the greatest common factor of 1 and z?
1
Let j(k) = -k**3 + 3*k**2 - 3. Let c be j(-2). Calculate the highest common factor of 51 and c.
17
Let q be 3 + 4 - 0 - -1. Let s be 0 + 16*4/q. What is the highest common factor of s and 8?
8
Let c(q) = q**2 - 5*q - 9. Let p be c(-7). Let n(m) = -10*m - 2. Let y be n(-5). Let w = -33 + y. What is the highest common factor of p and w?
15
Let p = -453 - -957. Suppose -n + 7*n = p. What is the greatest common factor of 12 and n?
12
Let y(f) = -f**3 + f + 33. Suppose 5 - 17 = -3*o. Suppose 6*x = o*x. Let m be y(x). What is the greatest common factor of 22 and m?
11
Suppose g = 3*c + 8, 2 - 4 = c. Suppose 3*j - 3*n - 75 = 0, g*j - 26 = -3*n + 9. What is the greatest common divisor of 242 and j?
22
Let n(u) be the first derivative of -u**3/3 + 7*u**2 + 7*u - 1. Let o be n(11). What is the greatest common divisor of o and 8?
8
Suppose 0 = -0*f + 2*f. Let c(w) = w**3 - 9*w**2 + 4*w + 5. Let m be c(9). Suppose f = o - m + 6. What is the greatest common factor of 5 and o?
5
Let c(p) = -p**2 + 10*p + 10. Let m be c(10). Calculate the greatest common factor of m and 10.
10
Let o = 49 - 44. What is the greatest common divisor of 45 and o?
5
Let x(d) = d - 4. Let r be x(-3). Let q = 4 - r. Let v be (-4)/((-1)/q + 0). What is the greatest common factor of 66 and v?
22
Let d be 6/(-15)*1*-15. Suppose -2*u = u - d. What is the greatest common divisor of 16 and u?
2
Suppose -5*l + 0 - 5 = 0. Let x(q) = -34*q. Let a be x(l). Let b be (a - 3) + -1*1. What is the highest common factor of 15 and b?
15
Suppose 5*k = 3*k + 8. Suppose 64 - 16 = k*g. Calculate the greatest common factor of 60 and g.
12
Let m = -32 - -44. Calculate the greatest common divisor of m and 60.
12
Let t = -20 + 38. Let o = 180 + 18. Calculate the greatest common divisor of t and o.
18
Let x = 108 + -56. Suppose 5*n - 13 = 157. Suppose 4*u + 4*b - n = 18, -13 = -u - 5*b. What is the greatest common factor of u and x?
13
Suppose 10*u + 23 = 323. Calculate the highest common divisor of u and 10.
10
Let a(v) = v**3 + 4*v**2 - 5*v + 3. Let l be a(-5). Let h be 1/l - (-2)/3. Calculate the greatest common divisor of h and 5.
1
Suppose -5*h - 5 = -25. Calculate the greatest common factor of h and 4.
4
Let r be 15 + (2 - 4)/(-2). Suppose 2*q - 4*q + 48 = 0. What is the greatest common factor of q and r?
8
Suppose 0 = -5*a + 7*a. Suppose a = 2*t - 23 + 5. What is the greatest common divisor of t and 81?
9
Let n(c) = c**2 + 5*c. Let o be n(-6). Let b be (4/1)/(4/2). Let u be b/(-4) - 170/(-4). Calculate the greatest common divisor of o and u.
6
Let u be (-4 - -3)/((-1)/10). What is the greatest common divisor of u and 4?
2
Suppose -x + 72 = 2*y, 5*x = 2*y + 475 - 67. What is the highest common divisor of 40 and x?
40
Let k be ((-4)/(-6))/((-2)/(-9)). Suppose -4*d + 8 = -3*f, -4*d + 17 = 3*f - k*d. Let v be 41/f + (-3)/12. What is the highest common factor of v and 100?
10
Let j(w) = 2*w - 1. Let t be j(2). Suppose -38 = -2*c + t*h + h, -4*h - 77 = -5*c. What is the highest common factor of c and 52?
13
Let g(v) = v**2 - 3*v - 6. Let w be g(5). Calculate the greatest common factor of w and 4.
4
Let g(u) = -2*u**2 + 3*u**2 + u**2 + 1. Let h be g(-1). What is the greatest common divisor of h and 15?
3
Suppose 132 = 5*r - 58. Suppose -16 = 4*s + 2*c, c = -3*s - c - 14. Let q = r + s. Calculate the highest common factor of 24 and q.
12
Suppose -2*i - 843 = i. Let t = i + 398. Calculate the greatest common factor of t and 13.
13
Suppose 5*b + 2*c = 20, -b - 7 = 3*b - 3*c. Let f be 13 + -12 + (b - 0). Calculate the greatest common divisor of 15 and f.
3
Let s = 127 + -79. Calculate the highest common factor of 32 and s.
16
Suppose -w + 6 = -39. Calculate the highest common divisor of 30 and w.
15
Let x be 295 - -1*(4 + -2). Suppose 2*i + i - x = 0. Calculate the greatest common divisor of i and 11.
11
Let j be 36/8*4/6. Suppose c - 5 = j. What is the greatest common divisor of 40 and c?
8
Let i = -32 + 47. Let r = 17 + -11. Calculate the greatest common factor of r and i.
3
Suppose 0*y - 12 = -4*y. Suppose -y*a - 8 = -7*a. What is the greatest common factor of 3 and a?
1
Let m be 10*1*2/5. Suppose -f - 315 = -m*f. Suppose -2*j - 3*g + 35 = -4*g, 0 = -5*g - 25. Calculate the highest common divisor of j and f.
15
Let d(h) be the third derivative of h**5/30 - 7*h**4/24 - 7*h**3/6 - h**2. Let c be d(6). Suppose 3*z - c = -5. What is the greatest common factor of z and 54?
6
Let z be -2 + 140/(-30)*9/(-2). Calculate the highest common factor of 152 and z.
19
Suppose 0*h - 132 = -3*h. What is the highest common divisor of 11 and h?
11
Let i(c) = -c + 2. Let f be i(-4). Suppose -35 = -t + 2*w + 27, 5*w + 188 = 3*t. Suppose 4*o - t = f. Calculate the highest common divisor of o and 6.
6
Let o be (-2)/(4 - 3) - -26. What is the greatest common factor of o and 48?
24
Let z(l) = 5 + 113*l**2 - 2 - 2*l - 2. Let m be z(1). What is the greatest common factor of m and 14?
14
Let u be ((-39)/(-9) - 2)*6. Let z(l) = 5*l**2 - 7*l - 6. Suppose 4*x - 2*x + 10 = 0. Let c be z(x). Calculate the highest common factor of u and c.
14
Let j = 9 - 5. Let w = 1 + j. Suppose 4*m - 198 = 3*q, -w*q - 194 = -5*m + m. What is the greatest common factor of 34 and m?
17
Let r = -65 + 71. What is the greatest common factor of r and 18?
6
Let c be (-6)/(-3) + (-10)/2. Let r = c + 63. Let x be 52 + -3 - (23 + -14). What is the greatest common factor of x and r?
20
Let t = -277 + 409. Calculate the highest common divisor of 44 and t.
44
Suppose -5*k + 2*f = 5*f - 428, 20 = -5*f. Suppose -4*m - 80 = -14*m. Calculate the highest common factor of m and k.
8
Suppose -h = -2*w + 8, 3*w - 2*w - 13 = -4*h. Calculate the highest common factor of 4 and h.
2
Let w be ((-1)/(-2))/(4/408). Let s(u) = -4*u + 6. Suppose 4*m + 9 = -19. Let z be s(m). Calculate the greatest common divisor of z and w.
17
Let b = -8 - -18. Let d = -4 + 6. Calculate the greatest common factor of d and b.
2
Let d = 6 - 4. Let n be (-22)/4*(-36)/d. Let w(p) = p**2 + 5*p + 5. Let h be w(-6). Calculate the highest common divisor of n and h.
11
Suppose -4*d - 14 = -4*u + 202, -3*u + 134 = 4*d. Calculate the greatest common divisor of u and 10.
10
Let w(u) = 21*u - 4. Let r be w(4). Let q = 30 + -8. Let s = -6 + q. What is the greatest common divisor of s and r?
16
Suppose 9*j = -j + 410. Calculate the greatest common factor of j and 82.
41
Let l = -11 + 18. Suppose -10 - l = -s. What is the highest common divisor of s and 34?
17
Let s be -2 + -2 + (2 - -3). Let a be 24/(-16)*(s - 13). What is the greatest common factor of 54 and a?
18
Let l(g) = 4*g**2 + 14*g - 2. Let h be l(-4). Calculate the greatest common divisor of 48 and h.
6
Let b = 31 - 8. What is the greatest common factor of 207 and b?
23
Let c(f) = -f**3 + f**2 + 4. Let a be c(0). Suppose 0 = a*r - 24 - 12. What is the 